))*(-2 + 1)?
4
Let d(f) = -2*f + 5*f + f**2 - 4*f - 2*f - 7. Let x be d(5). Suppose x*y - 10 = o, -4*o - 3*y - y = -40. What is the units digit of o?
5
Let d be -1*((-2)/2 + -4). Suppose -a - 5 = -l + 2*a, 5 = -d*a. Suppose -5*m = -18 - l. What is the units digit of m?
4
Suppose 0 = -0*f + 2*f. Suppose f = -0*v + 4*v + 2*o - 46, v + 5*o - 7 = 0. What is the units digit of v?
2
Let j = 39 - 16. What is the units digit of j?
3
Suppose 0 = 2*o + 5*p - 39, -3*o - 3*p + 58 = -14. What is the units digit of o?
7
Suppose -5*p + 26 = 1. What is the units digit of p?
5
Suppose 4*b + f = 2*f + 35, 0 = -2*b - 3*f + 7. What is the units digit of b?
8
Suppose 0 = -2*n - 0*n + 4. Suppose 0 = -3*w - 5*b - 4, b - n*b = -w + 4. Let t = 5 - w. What is the units digit of t?
3
Let b be 2*15*(3 + -5). What is the units digit of (-4)/8 - b/8?
7
Suppose -5*w = 25, -4*w - 475 = -3*v + w. Suppose -3*d - l = -0*d - 146, 0 = 3*d - 3*l - v. What is the units digit of d?
9
Let n(v) = -5*v + 5. What is the units digit of n(-7)?
0
Let i(h) = h**3 + 11*h**2 - 12*h + 3. What is the units digit of i(-12)?
3
Let i be (-12)/54 + (-104)/18. Let x(q) = -q**2 - 8*q - 6. What is the units digit of x(i)?
6
Let w be 3*(-2)/(-6)*6. Let b(l) = l - 4. Let s be b(w). What is the units digit of 2*(3 - (s + -2))?
6
What is the tens digit of 21/6 - 3 - 4920/(-16)?
0
Let o(l) = -l**3 - 5*l**2 - 2*l - 7. Let q be o(-5). Suppose -4*x = q*p + 19, 4*p = -20 - 0. What is the units digit of -1 + (3 - 1) - x?
2
Let a = 0 - -1. Let i(o) = 12*o**3 + o**2 - o + 1. What is the tens digit of i(a)?
1
Let a(z) = -4*z + 7. Suppose -3*s = 2*g - 18 - 10, 4*g - 2 = 3*s. Let f be a(s). Let w = 31 + f. What is the units digit of w?
4
Suppose 5*h - 4*r = 52, -2*r + r = 5*h - 62. Suppose 0 = -6*s + 4*s + h. What is the units digit of s?
6
Let t be ((-4)/6)/((-6)/90). Suppose -5*f + t = -20. What is the units digit of f?
6
Suppose -2*s + 50 + 6 = 0. Let o = 48 - s. What is the tens digit of o?
2
What is the tens digit of ((-468)/(-8))/(-9)*-6?
3
Suppose -9*u = -4*u - 20. Suppose -4*z - 5*n + 29 = 0, -2*z - u*n - 5 = -21. What is the units digit of z?
6
Let x = -23 - -55. What is the tens digit of x?
3
Let k(w) = -6*w - 1. Suppose 2 = -3*t + 2*t. What is the tens digit of k(t)?
1
What is the tens digit of 3/9*201 - 4?
6
Let h = -18 - -28. Suppose 5*q - 75 = -h. What is the tens digit of q?
1
Let s = -12 + 17. Suppose s*g - 4*t + 7 + 8 = 0, -5*t = 0. What is the units digit of 1 + (-2 - -2 - g)?
4
Let p = 10 - -60. What is the units digit of p?
0
Let p = -7 + 10. Let f be (-4)/(6/(-3))*p. What is the units digit of 6 - f/(-3) - -1?
9
Let o(i) = -i**2 + 19*i - 6. What is the units digit of o(7)?
8
Let n = -241 + 341. What is the hundreds digit of n?
1
Suppose 0 = 5*i - 9 - 16. Suppose 3*s - 23 = -i*h + 181, 3*h - 105 = 4*s. What is the tens digit of h?
3
Suppose 15 = -3*t + 8*t. What is the units digit of t/((-6)/2)*-5?
5
Let m(h) = 75*h**2 + 1. Let d be m(1). Let s = d + -49. What is the units digit of s?
7
What is the tens digit of ((-2)/(-4))/((-6)/(-204))?
1
Suppose 12 = 4*g - 4. Suppose -g*d + 12 = y + y, -y = -d + 3. Suppose d*i = 33 - 9. What is the units digit of i?
8
Suppose -5*o + 0*c = 3*c - 36, -o - 2*c = -10. Let h = o - 2. Suppose 2 = t - 4*w - 12, 0 = h*t - w - 11. What is the units digit of t?
2
What is the units digit of 197/3 - (-36)/27?
7
What is the units digit of 4/(4/35) - 2?
3
Let f(v) = v + 4. Let x be f(4). Let u(c) = c - 4. Let g be u(x). Suppose 0 = 2*j - g*j + 36. What is the tens digit of j?
1
Suppose -6*i = -4*i + d - 9, i + 9 = 4*d. Suppose 46 = 2*l - 2*r, -5*l + 2*r + 97 = -i. What is the units digit of l?
8
Let q(a) = -a**2 - 6*a - 5. Let c be q(-5). Suppose c*z - 5*z = -35. What is the units digit of z?
7
Suppose -3*s + 2*l + 2*l = -99, -2*s = -5*l - 73. What is the units digit of s?
9
Suppose -5*b - 2*g + 1408 = -3*g, 0 = 4*b + 3*g - 1115. What is the tens digit of b?
8
Suppose 64 = -3*y - 5*z, -4*y + 6*z - 4*z - 94 = 0. Let k = -7 - y. What is the units digit of k?
6
Suppose -5*m - 84 + 29 = -n, 4*m - 3*n = -55. Let d = 29 + m. What is the tens digit of d?
1
Suppose 0*x = -x + 5. Let a(s) = -s**3 + 5*s**2 + 2*s - 1. What is the units digit of a(x)?
9
Suppose 5*w - 118 = 2*m, 0*w = -2*w - 2*m + 50. Suppose -6*r = -4*r - w. What is the tens digit of r?
1
Let b(a) = -a**3 + 5*a**2 + 2*a + 5. Let m be b(5). What is the units digit of (m/25)/(1/5)?
3
Suppose -620 = -11*u + 6*u. What is the hundreds digit of u?
1
Let l(p) = -p**2 + 7*p - 3. Let n be l(6). Let g be (-1)/(2*n/6). Let a = 1 - g. What is the units digit of a?
2
Suppose 3*j - 4 = j. Let s be -2*(j - 1) + 2. Suppose 16 = 2*v - s. What is the units digit of v?
8
Let t(d) = -2*d**2 + 11*d - 1. Let o(a) = -4*a**2 + 23*a - 2. Let i(s) = 6*o(s) - 13*t(s). Suppose 0 = z - 7 + 3. What is the tens digit of i(z)?
1
Let u(f) = f**3 - 6*f**2 - 6*f + 4. Let t(s) = s + 2. Let i be t(5). What is the units digit of u(i)?
1
Suppose 4*z = 5*i + 28, -3*z + 10 = -i - 0*z. What is the units digit of -17*(4/i - 0)?
7
Let n(j) = 45*j - 1. Let g be n(1). Suppose 4*r = i, -i - i + g = 3*r. What is the units digit of i?
6
Let x(z) = 276*z**2 + 12*z + 11. What is the hundreds digit of x(-1)?
2
Let c = -21 - -23. What is the units digit of c?
2
Let p(z) = z**2 + 4*z + 5. Let x be p(-5). Suppose -x + 27 = s. What is the tens digit of s?
1
Let g = -6 + 10. Suppose 4*u = -3*y + 23, -5*y + 0*y = -5*u - 15. What is the units digit of g/u + (-2 - -4)?
4
Let n = -16 - -35. What is the units digit of n?
9
Let c = -22 - -12. Let h be 6/c + (-72)/(-20). Let b(m) = -m**3 + 3*m**2 + 2*m + 2. What is the units digit of b(h)?
8
Let x = 78 + -21. Let g = x - 38. What is the tens digit of g?
1
Let l(d) = -d + 6. What is the tens digit of l(-16)?
2
Let q = 4 + -5. Let o(n) = -65*n**3 + n. Let j be o(q). What is the tens digit of (-2)/3 - j/(-6)?
1
Let b = 4 + -2. Suppose 2*s + 43 = 2*j - 19, 2*j + b*s - 46 = 0. What is the units digit of j?
7
Let s be -4 - (4 - 2 - 11). Let l = -3 + 2. What is the units digit of ((-8)/5)/(l/s)?
8
Let q(t) = -27*t**3 + t + 1. Let n be q(-1). Let j = 39 - n. What is the tens digit of j?
1
Let z = 10 + 6. Let k = 13 + -9. Suppose -5*o + k*d + z = 0, 0 = o - d - 3. What is the units digit of o?
4
Suppose 9 = 4*g - 7. Let n = 22 + g. What is the tens digit of n?
2
Suppose 21*w + 4186 = 34*w. What is the units digit of w?
2
Suppose -18 = -4*m - 3*f, m + 2*f = 4*m - 5. What is the tens digit of (-16)/(((-4)/m)/2)?
2
Let b(o) = o**2 + 13*o + 9. What is the units digit of b(9)?
7
Let q(y) = -3*y + 24. What is the tens digit of q(-13)?
6
What is the units digit of (328/32)/((-1)/(-16))?
4
Let t(i) = i - 1. Let m be t(3). Let w be (m - 1)/(1/2). What is the units digit of (w + 14)*(-2)/(-4)?
8
Let f be (-6)/(-4)*44/(-6). Suppose 4*m - 8 = 8*m. Let s = m - f. What is the units digit of s?
9
Let n(u) = -150*u - 17. What is the units digit of n(-2)?
3
Suppose -9 = -3*h + 3*k, 2*h - 5*k - 5 = -h. Let t = h + -2. What is the units digit of t?
3
Let c be 1 - -1 - (1 - 1). Suppose 0 = c*b - 3*u - 55, -b - 4*b + 126 = 4*u. What is the units digit of b?
6
Let p = 6 - 2. Suppose 5*c + 7 = -2*k, -c - p = 1. What is the units digit of k?
9
Let j(b) = 30*b**2 + b - 4. What is the tens digit of j(2)?
1
Let w be 1 - (-5)/(5/4). Let c(a) = -w*a**2 - a**3 - 4 + 5 - a**2. What is the units digit of c(-6)?
1
Let l(d) = 4*d + 2. Suppose -3*s + 6 = 3*f, 5*f = 5*s - s + 19. What is the tens digit of l(f)?
1
Suppose 5*n + 2842 = 19*n. What is the units digit of n?
3
Let r(p) be the second derivative of -p**5/20 - p**4/4 + p**3/2 - 2*p. Let j be r(5). What is the units digit of 2/(-5) + j/(-25)?
7
Let u(o) = -47*o**3 + 2*o**2 + 3*o + 1. What is the tens digit of u(-1)?
4
Let r = -2 + -3. Let j(f) = f**2 - 2*f. Let b be j(r). Let m = -21 + b. What is the units digit of m?
4
Suppose -4*o + a + 68 = 5*a, -5 = -o + 3*a. Suppose -3*s + 70 = 2*s. What is the units digit of (12/o)/(2/s)?
6
Let v = -1 + 0. Let j = 3 + v. Suppose s - 2*x - 45 = -4*s, 2*x - 32 = -j*s. What is the units digit of s?
1
Suppose a + 9 = -2. Let j(b) = b**3 + 12*b**2 + 8*b - 10. What is the units digit of j(a)?
3
Let p(k) = -k**2 + 3*k - 7. Let w be p(6). Let a = w + 46. What is the units digit of a